2 - -10 - (4 - -5)?
-1
Evaluate (0 + 6 - 9) + 5.
2
Evaluate (2 - 3) + (0 - 3).
-4
What is the value of -3 - -1 - (0 + (-4 - -10))?
-8
What is the value of 0 + 2 - (8 - 6) - 1?
-1
Evaluate 1 - 0 - ((-2 - -1) + 2).
0
Calculate (6 - ((-2 - -9) + -4)) + -6.
-3
What is the value of -2 - (-3 + (14 - 7) - -2)?
-8
What is the value of -5 + (0 - -4) + 0 + -2?
-3
What is (5 - 1 - -2) + -4?
2
Calculate (-1 - -1) + (-31 - -31) + -4.
-4
What is (2 - 12) + (-16 - -19) - -5?
-2
Evaluate 2 + 3 + -1 + 39 + -41.
2
Calculate 4 + 6 + (4 - 6) + -4.
4
What is (-1 - -4) + -2 + -2 + 1?
0
0 - (2 + -6) - 2
2
7 + -13 + 2 + -1
-5
-4 + 5 + (-6 - -2)
-3
-7 - (8 + -22 + 9)
-2
Calculate (-45 - -45) + (2 + -10 - 3).
-11
What is the value of (77 - 84) + 0 + 7?
0
What is (-10 + 1 - -11) + -6 + -1?
-5
What is -11 + (20 - (-8 - -20))?
-3
What is -1 + 4 + 1 + -9 + 3?
-2
(-4 - (-6 + 0) - -1) + -2
1
Calculate 1 + 7 - (2 + (1 - 1)).
6
Calculate -6 + 18 - (1 - (-2 - 3)).
6
0 - 8 - (-15 + 19 + -5)
-7
-1 - (-3 + 5 + 5) - -3
-5
Calculate 1 + -2 + 1 + 5 + -5.
0
Evaluate 2 - (-3 + -4 + 6) - 5.
-2
8 - (0 + -1) - (153 - 137)
-7
What is (9 + -1 - 3) + -4?
1
0 + 3 + 1 + -9
-5
-8 + 4 + -6 + 7
-3
What is (4 - (-4 - -10)) + (2 - 3)?
-3
15 + -15 - (-1 - -3) - -7
5
What is (-1 - 6) + (-3 - -6)?
-4
Evaluate -2 + -1 - (5 + -8).
0
Evaluate (-6 - -4) + 6 + -1.
3
What is the value of 11 - (-1 - (0 - 20))?
-8
-1 + (-2 + 2 - (0 + 1))
-2
Evaluate 1 + -4 - (13 + -13).
-3
Evaluate 6 - (4 - (0 + -1 + 2)).
3
Evaluate -3 - (1 - (1 - 1)).
-4
Calculate -1 + -1 + 6 + -8.
-4
Evaluate 10 - 17 - (2 - (7 - -1)).
-1
What is 0 + 4 + -4 + -4?
-4
What is the value of -5 + (-3 - -5) + 0 + 1?
-2
Calculate (-1 - 11) + 16 + 2.
6
What is (-9 - -7) + -2 + -4 + -1?
-9
Evaluate 8 - 0 - (23 - 9).
-6
What is the value of -8 - -3 - 0 - -1?
-4
7 - (-6 + -3 + 10)
6
Calculate (0 - 0) + -5 + 3.
-2
(4 - 7 - -1 - -2) + 2
2
Evaluate -4 + (15 - 4) - (6 - 1).
2
Evaluate -1 + 6 + -1 + 18 + -16.
6
Calculate -8 - -15 - (1 - -1).
5
Calculate (1 - 3) + 3 + (-7 - -1).
-5
5 + (-4 - -5) + 0
6
What is 2 + -7 + (9 - (-11 - -14))?
1
Evaluate 2 - 5 - (3 - (5 + -3)).
-4
What is the value of 1 - -1 - (-1 - (4 + -9))?
-2
What is the value of (6 - 2) + -4 + 0?
0
What is (-1 - (-3 + 4)) + 8 + 0?
6
What is the value of 15 + -7 - 3 - -1?
6
What is the value of -9 - (-5 - -7 - 9)?
-2
Evaluate (1 - 2) + -1 - 2 - -9.
5
What is 0 + -2 + 0 - (34 + -32)?
-4
What is the value of -3 + -1 + -2 + 1?
-5
Calculate 12 + 14 + -22 + (1 - -2).
7
Calculate 5 - (1 + 5 + -2).
1
Evaluate (-2 - 0) + (4 - 5).
-3
-1 - -3 - (-8 - -6)
4
Evaluate (165 - 152) + (-8 - -1).
6
Evaluate -3 + (-7 - -4 - (-4 - 0)).
-2
-85 + 86 + -1 + -6
-6
-16 + 19 + (-2 - -2)
3
What is (0 + 8 + -3 - 0) + -2?
3
What is the value of -15 - 0 - -8 - -2?
-5
-14 + -13 + 17 - (-4 + -1)
-5
What is the value of 7 - (13 - (5 - -3))?
2
What is the value of 0 - 2 - (12 - 14)?
0
Calculate -1 + (0 - -2) - -2.
3
Calculate -49 + 36 + 22 + -4.
5
(-4 - -1) + 4 + (-2 - -2)
1
Evaluate 3 - 2 - ((-3 - -8) + -5).
1
Calculate 3 + -4 + (5 - 0).
4
Evaluate (-4 - (-1 + -6 + -1)) + -5.
-1
What is the value of -3 + 2 - (0 - -1)?
-2
Calculate -12 - (0 - (21 - 12)).
-3
What is the value of 1 - 5 - (17 - 18)?
-3
Evaluate (0 - 0) + (-47 - -37).
-10
Calculate 3 - 4 - -4 - 9.
-6
What is -2 + 1 - (-13 - -17 - 10)?
5
-11 + (-10 - -18 - 2)
-5
What is 5 + -1 + (-3 - -2) + 1?
4
(-3 - -1) + (-9 - -6 - -6)
1
-5 - (-7 - 1 - (-5 + 5))
3
Evaluate 3 - (8 - ((-4 - -4) + 1)).
-4
What is the value of (3 - (4 - 6)) + 10 + -10?
5
What is (-45 - -36) + 5 + 1?
-3
3 - ((-3 - -2) + 4) - 8
-8
What is -6 - ((-4 - -2) + 0 + 1)?
-5
36 + -38 + (-1 - (0 + 0))
-3
Evaluate -2 + (-4 - -6) + -10 + 3.
-7
What is the value of (-5 + 5 - -3) + -2?
1
What is (-59 - -56) + 0 + 7?
4
What is (2 - (4 + 0)) + 4?
2
What is -3 - (-3 - 1 - 1)?
2
3 + 4 - (19 + -7)
-5
Evaluate 1 + -3 + (4 - -1).
3
What is (2 - 1) + -3 + 1 - -2?
1
Evaluate 0 + (4 - 3 - -3).
4
What is the value of -52 + 49 + -1 + 5?
1
-10 + 9 - (-1 + -5 - -3)
2
What is the value of -1 + -1 + 6 + -4 + -1?
-1
Calculate (7 + -2 - 3) + -1.
1
Evaluate -2 + -2 + (3 - 2).
-3
Calculate 11 + -5 + 3 + -4.
5
What is -9 - -6 - (-3 + -1)?
1
Calculate -4 + (3 - 4) + 4 - 2.
-3
What is (0 - -1) + (-1 - 5)?
-5
4 + (-4 + 9 - 4 - 4)
1
What is the value of -4 + (6 - 0 - 3)?
-1
2 + (3 - 6) + -1 + 0
-2
Evaluate (9 - (7 - -8)) + 1.
-5
3 + -1 + 2 - 4
0
What is the value of 13 + -2 + (-9 - -2)?
4
Calculate -7 - (-15 + 3) - (4 + -1).
2
What is (1 - (6 - 10)) + -3 + 0?
2
What is the value of -2 + (4 - 7 - -1)?
-4
(19 + -25 - (-2 - -3)) + 17
10
-5 + (6 - 2) - 1
-2
What is 4 + -4 - (2 + -3)?
1
Evaluate -3 - 5 - -3 - -1.
-4
What is (-1 - (-14 - (-3 - 3))) + -4?
3
What is the value of 5 + -8 + (-2 - 0 - -10)?
5
-3 + -4 - (1 - 7)
-1
What is the value of -2 + -4 - (2 + (0 - 4))?
-4
Calculate -9 - (5 - (2 + 6)).
-6
Evaluate -5 + (-1 + 5 - -1) + -2.
-2
-10 + 6 - (-3 - 1)
0
What is (2 - 8) + (-1 - -2)?
-5
What is 0 - (0 + -10) - 9?
1
What is (-2 - -5) + -9 - (2 - 8)?
0
1 - 0 - (5 - (0 + 5))
1
What is -5 - -2 - 4 - (-21 - -9)?
5
Evaluate 12 + 3 + -6 + -5.
4
Evaluate 0 - (-11 - -24 - 5).
-8
What is -10 - ((-6 - -2) + (-3 - -3))?
-6
Calculate -1 - (-7 + -1) - 14.
-7
1 - -4 - (11 + -1)
-5
Evaluate 3 - (11 + -1 + (-2 - 1)).
-4
Evaluate -22 + 9 + 5 + 7.
-1
Evaluate -1 + 1 - (-1 + (2 - 2)).
1
Calculate (-3 - 0) + (3 - 0).
0
What is the value of -3 + 4 + -3 + 0 + 1?
-1
Calculate 0 + (3 + -3 - (-8 - -6)).
2
What is 1 + (-3 - (-2 - 1) - -3)?
4
Evaluate (-1 - 6) + 22 + -11.
4
What is the value of -1 + (-8 - (-2 + 7 - 16))?
2
Calculate 5 - 0 - (8 + -3) - 3.
-3
Evaluate 7 - (7 + 1 - 3) - -4.
6
What is (-1 - -7) + -4 + -5?
-3
7 + 0 + (-238 - -234)
3
What is the value of -1 + -2 + 3 + (0 - -2)?
2
Evaluate 3 + 3 + -5 - -4.
5
(-11 - -7) + 12 + -11
-3
Evaluate 0 + (5 - (-6 + 2 + 16)).
-7
What is 18 + (-8 + 2 - 4)?
8
What is (5 - 7) + -3 - -6?
1
What is (-7 - 2) + (-16 - -22)?
-3
Evaluate 4 - ((-1 + 2 - 0) + -1).
4
What is the value of 10 + (5 + -1 - 6)?
8
Calculate -2 + (-4 + 11 - 5).
0
What is (4 - (-2 + 0 + -3)) + -5?
4
What is the value of -1 + (-4 + 9 - 1)?
3
What is 7 - (-8 - -10) - (4 + -2)?
3
Calculate (-2 + (4 - 1) - -1) + 2.
4
18 + -13 + (-3 - 2)
0
What is -3 + (2 + -3 - -4) + -1?
-1
What is -7 + 1 + 21 + -11?
4
Evaluate 5 + (-11 - -3) + 5.
2
What is 6 - (-3 + 2) - 6?
1
What is (-1 - 2) + (-3 - -2) + 3?
-1
What is (5 - (12 + -1)) + 3?
-3
What is (4 - 0 - 1) + -8 + 2?
-3
What is the value of (7 - (1 - 1)) + -4?
3
What is the value of -2 + -7 + 5 + (-2 - -4)?
-2
Evaluate -5 + (-1 - -3) + 2 + -4.
-5
Calculate (-4 - 2) + (-1 - -3).
-4
What is (-6 - 1) + 10 + 6?
9
What is -1 - -2 - (0 - 0)?
1
What is the value of 2 + -3 + -7 + 8?
0
Calculate 1 + -5 + (-11 - -12) + 0.
-3
-5 + (3 - -1) + -5
-6
-5 + 11 + -10 - (-3 + 2)
-3
What is (4 - 9) + 6 + -3?
-2
What is 59 + -45 + -22 + 2?
-6
5 + (-8 - 1) + (9 - 9)
-4
What is 4 + (2 - 10) - (-6 + 0)?
2
Calculate -2 + 2 - ((7 - 2) + -2).
-3
Calculate -10 + 4 + -1 - -6 - 3.
-4
12 - (-7 + (-1 - -15)) - 1
4
What is (2 - -6 - 1) + 81 + -85?
3
(12 - (10 + -2)) + (1 - -1)
6
Evaluate -5 + (4 - 0) - -1.
0
Evaluate 5 - (13 - (-5 - -8)).
-5
Evaluate (4 - 4) + (8 - (-2 - -7)).
3
Calculate 9 + (2 + 5 + -9 - 2).
5
1 + -2 + (-7 - 1) + 9
0
(-4 + 3 - -3) + 0 + -5
-3
Evaluate 0 + -8 + (-18 - -9 - -13).
-4
Calculate (-6 + 13 - 2) + (1 - 4).
2
Calculate 15 + -15 - (-2 - (-2 - -4)).
4
-12 - ((9 - 12) + -1 + 1)
-9
What is the value of (-5 - -3 - 2) + 11 + -8?
-1
8 - (7 + -6 + 3)
4
What is the value of (-7 - -9) + -4 - -8?
6
What is 124 + -110 - (1 + 5)?
8
Calculate (-3 - (-9 - -13)) + -3.
-10
Evaluate 5 + 0 + -8 + 3.
0
Evaluate (2 - (0 - -1)) + (5 - 7).
-1
What is 6 + (-1 + -5 - (33 + -33))?
0
What is the value of 1 - (12 - (10 + -4))?
-5
(9 + -10 - (0 - -2)) + 2
-1
What is the value of 1 - (-5 - 0 - (-17 + 7))?
-4
13 + -2 + -9 + 0
2
What is the value of -5 + 5 + 1 + -1?
0
What is 59 + -61 - (0 + 0 - 3)?
1
What is the value of 0 - -1 - (3 + 3)?
-5
What is (-12 - -10 - 9) + 15?
4
What is -6 + (-2 + (-2 - -3) - -2)?
-5
Calculate -6 - (0 - (22 + -9)).
7
What is the value of -1 - 5 - (4 - 10)?
0
Calculate 41 - 45 - (0 - (6 + -2)).
0
What is 88 - 88 - (3 - -1)?
-4
(-3 - -5) + -6 + 3
-1
1 + 1 + 7 + -4
5
Evaluate -6 + 9 + -1 + 3.
5
What is 6 + (-3 - 1) + 1 - 